nder when g is divided by 20.
18
Suppose -5*z + 3*b - 45 = 0, -2*z - b + 3 = 10. Let n = z + 10. Suppose -n*j + 0*j + 152 = 0. Calculate the remainder when j is divided by 20.
18
Let f(k) = -k - 12. Let z be f(-11). Let u(g) = 3*g**2 - 2*g - 1. What is the remainder when 13 is divided by u(z)?
1
Let m(i) = i**3 - 8*i**2 + 11*i - 8. Suppose 9*o - 8*o - 8 = 0. Let v be (-3)/12 - (-58)/o. Calculate the remainder when 38 is divided by m(v).
18
Let b(z) be the first derivative of 3*z**2 + 6*z + 6. Calculate the remainder when b(2) is divided by 5.
3
Let v(g) = -2*g + 3*g + 11 - 4*g + 2*g. Calculate the remainder when 20 is divided by v(4).
6
Let p = -41 + 49. What is the remainder when 43 is divided by p?
3
Let u(a) = -6*a - 9. Suppose -r = -3*x - 2*r - 19, 0 = -2*x + 4*r - 8. What is the remainder when u(x) is divided by 14?
13
Let t(k) = k**3 + 3*k**2 - k - 3. Let s be t(-3). Calculate the remainder when (-6)/(-3) + s - -17 is divided by 7.
5
Let s(k) = -37*k + 1. Let j be s(-4). Suppose -5*x - 5*y + j = -y, -x + 2*y + 41 = 0. Calculate the remainder when x is divided by 9.
6
Suppose -3*n = -2*n + 60. Let p = 114 + n. Calculate the remainder when p is divided by 28.
26
Suppose 0 = -5*k - 20, 0 = q - 3*q + k + 12. Suppose 4 = q*f - 40. What is the remainder when 20 is divided by f?
9
Suppose -4*f - 1 + 21 = 0. Suppose 10*p = f*p + 165. What is the remainder when p is divided by 17?
16
Suppose 5 + 35 = 2*i. Calculate the remainder when i is divided by 7.
6
Let q be 2/(-8) - (-39)/12. Suppose 15 - 3 = q*p. Calculate the remainder when (-23)/(-2) - p/8 is divided by 6.
5
Let c = -68 + 130. Suppose 2*k = f + 46, 2*f = 3*k - 3*f - c. What is the remainder when k is divided by 9?
6
Let k = -26 + 148. Calculate the remainder when k is divided by 32.
26
Suppose 0 = -4*n + 15 + 1. Let h be n/(-5)*(-470)/4. Suppose -h + 26 = -2*k. What is the remainder when k is divided by 12?
10
Let r(q) = 2*q**2 - 10*q + 15. Calculate the remainder when r(6) is divided by 15.
12
Let z(j) = 7*j - 4 + 4*j - 1 - 2*j. What is the remainder when z(5) is divided by 14?
12
Suppose -2*q + 20 = -5*d + 4, -q + 3*d = -7. What is the remainder when 64 is divided by q?
12
Suppose -2*n = -19 - 23. Calculate the remainder when 61 is divided by n.
19
Suppose -4*r - 10 = -2*s, -3*s + 3*r + 11 = 2*s. Let h = -2 - -4. Suppose -l = h*l - 6. What is the remainder when l is divided by s?
0
Suppose 0*f - 2*f + 150 = 0. Suppose -2*o - 5 + f = 0. Let y = o - 16. Calculate the remainder when y is divided by 5.
4
Suppose -4 - 2 = 2*b, -5*a + 4*b = -82. Calculate the remainder when 40 is divided by a.
12
Let u(t) = 13*t + 6. Let v be 2*(2 + 2/(-4)). What is the remainder when u(v) is divided by 12?
9
Suppose 6*v = -0*v + 126. Calculate the remainder when 61 is divided by v.
19
Suppose -9*y + 399 = 57. What is the remainder when y is divided by 20?
18
Let l(p) = 2*p + 1. Let h be l(-4). Let u = 0 - h. Suppose 2*a = -3*w + 17, 2*a + 0 - 2 = 2*w. Calculate the remainder when u is divided by w.
1
What is the remainder when 75 is divided by (48 + -42)*(16/6 - 0)?
11
Suppose 3*s - 4*p = 35, -2*s = 3*p + 6 - 1. Suppose 4*g - 83 = -5*o - 0*o, 0 = -s*g - 3*o + 94. Calculate the remainder when 66 is divided by g.
15
Suppose -5*x = -3*v + 20, 2*v - 4*x = -x + 13. Suppose v*c = 13 + 2. What is the remainder when 5 is divided by c?
2
Let y(s) = s**2 + s - 9. What is the remainder when 95 is divided by y(6)?
29
Suppose -2*q = -3*p + 23, q + 35 = -4*p + 84. Let x(n) = -2*n**3 - 3*n**2 + 3*n + 2. What is the remainder when x(-3) is divided by p?
9
Suppose -4*t = -5*y - 5, 5*t + 5 = -4*y - y. Suppose n - 10 = -t. Let l = -24 + 43. Calculate the remainder when l is divided by n.
9
Let w(t) = -t + 16. Calculate the remainder when 35 is divided by w(7).
8
Suppose -1505 = -0*m - 4*m + v, 3*m - 2*v = 1135. Let q(i) = 2*i**2 - 4*i - 3. What is the remainder when (-4)/6*m/(-10) is divided by q(-2)?
12
Let f be 169/5 - (-2)/10. Let t = -25 + f. Calculate the remainder when t is divided by 3.
0
Let u = -7 - -11. Let z = u + 0. What is the remainder when (1 + 0 + 5)*1 is divided by z?
2
Suppose 4*u - 18 = 3*n + 62, n - 5*u + 34 = 0. Let l = -9 - n. What is the remainder when 43 is divided by l?
13
Let t be ((-12)/(-18))/(2/78). Let u = t - 10. Suppose -u = -2*c + 5*h + 13, 2*h + 2 = -4*c. Calculate the remainder when 3 is divided by c.
1
Suppose 0*a = -3*a + 33. Let n(p) = -20*p**3 + 3*p**2 + 2*p. What is the remainder when n(-1) is divided by a?
10
Suppose -7*v = -3*v - 12. Suppose -2*o = -o - v. Calculate the remainder when o is divided by 3.
0
Suppose -m - 3*u = -5*m + 686, -4*u + 181 = m. What is the remainder when m is divided by 22?
19
Let b be (-2)/(-5) + (-39)/(-15). What is the remainder when 9 + 0 + (-1 - -1) is divided by b - (0 + 1 + -3)?
4
Let h = 21 - 4. Calculate the remainder when h is divided by 5.
2
Suppose 5*r - 77 - 18 = 0. What is the remainder when 36 is divided by r?
17
Suppose -5 = -2*w + 35. What is the remainder when w is divided by 7?
6
Let a = 10 + 2. What is the remainder when a is divided by 3?
0
Let k(l) = -l**2 + 7. Let w be k(5). Let q = 31 + w. What is the remainder when 35 is divided by q?
9
Let j(m) = 3*m**2 - 10*m + 13. What is the remainder when j(6) is divided by 16?
13
Suppose 3*j = 4*j - 147. What is the remainder when j is divided by 50?
47
Suppose 4*k = -4*g + 468, k + 220 + 238 = 4*g. Calculate the remainder when g is divided by 29.
28
Let o(h) = -h**3 - 8*h**2 + 4*h + 11. Let m be o(-8). Let d = -10 - m. Calculate the remainder when 19 is divided by d.
8
Suppose -4*g - 5 + 25 = 0. Suppose -5*z = g*o - 5, 6 + 3 = 4*z + 3*o. Calculate the remainder when 21 is divided by z.
3
Suppose 6 = 2*q - 0*q, -3*q - 42 = -o. Let s = 38 - 25. Calculate the remainder when o is divided by s.
12
Let z(s) = -4*s - 16. Calculate the remainder when 22 is divided by z(-7).
10
Suppose -4*h + 17 = -103. Let s = -23 - -11. What is the remainder when h is divided by 5/20 + (-189)/s?
14
Let n(r) = -r + 34. What is the remainder when 56 is divided by n(4)?
26
Suppose -2 = -2*a + 2. Let o be a/3 - (-16)/(-24). Suppose o*i = 4*i - 48. Calculate the remainder when 23 is divided by i.
11
Let v = 26 - -13. What is the remainder when v is divided by 20?
19
Let t = 45 + -32. What is the remainder when 33 is divided by t?
7
Calculate the remainder when 59 is divided by 2*(-21)/12*(-12)/2.
17
Suppose -2*b + 0 = 16. Let t = -7 - b. Calculate the remainder when 2 is divided by t.
0
Let b(w) be the third derivative of 0 + 0*w + w**2 + 1/24*w**4 + 5/3*w**3. Calculate the remainder when 29 is divided by b(0).
9
Let a(s) = -2*s + 1. Let u be a(3). Let h(c) = -c + 2. Calculate the remainder when 3/(-3 + 210/65) is divided by h(u).
6
Suppose -14 = w - 3*w. Let x = -2 - -29. What is the remainder when x is divided by w?
6
Suppose 4*i - 6 = 50. What is the remainder when 55 is divided by i?
13
Suppose t + a - 10 = 3*a, 0 = -2*t - 2*a + 20. Let o be (3 + -15)/2*109. What is the remainder when (-2)/(-3) - o/18 is divided by t?
7
Suppose 34 = 5*n - 46. Let q(o) = -o**3 - 12*o**2 + 11*o - 17. Calculate the remainder when n is divided by q(-13).
7
Suppose -14*i = 5*i - 988. Calculate the remainder when i is divided by 18.
16
Let u(m) = -m**3 - 14*m**2 + 13*m - 25. Calculate the remainder when 24 is divided by u(-15).
4
Suppose 2*k + 3*k - 75 = 0. What is the remainder when 44 is divided by k?
14
Suppose t + l + 0*l = 7, 2*t + 1 = 3*l. Suppose 0 = -w + 6*w - 65. What is the remainder when w is divided by t?
1
Suppose -4*y = c + 34, -c = -3*y + 1 - 2. What is the remainder when -3 - 2*c*3 is divided by 21?
18
Let a(o) = o**3 + 7*o**2 + 8. What is the remainder when a(-7) is divided by 3?
2
Let t(g) = -g**3 - 14*g**2 - 3*g - 19. What is the remainder when t(-14) is divided by 13?
10
Let z(b) = 9*b - 1. Calculate the remainder when 49 is divided by z(3).
23
Suppose 3*p - 6*p = 3*v - 108, -2*v - 5*p = -81. What is the remainder when 64 is divided by v?
31
Let g(k) = 4*k + 4*k**2 + 4*k**3 - 3*k**3 - 1 - 11*k. Suppose 5*m = x - 30, 3*m + 16 = 5*x - 24. Calculate the remainder when g(m) is divided by 5.
4
Let k = 26 - 20. Suppose -20 = -c + 3*h, -5*c + 2*c + 5*h = -48. Calculate the remainder when c is divided by k.
5
Let x(c) = -c**3 